d**2 + d. What is the tens digit of n(s)?
3
Let i(c) = c**2 + 8*c + 2. Let z be i(-8). Suppose z*q + q = 9. Suppose q*s + 12 - 33 = 0. What is the units digit of s?
7
Suppose -4*h = 2*a - 124, -3*a + 4*h - h + 159 = 0. Suppose -3*u - 6 = 0, -5*l - 2*u + 0*u + a = 0. What is the tens digit of l?
1
Suppose 5*y = d - 5, 5*y - 5*d + 25 = y. Suppose y = u + 2*o - 7, -4*u + o + 12 = -7. What is the units digit of u?
5
Let v(m) = m**2 + 6*m + 3. Suppose 0 = 5*k - 3*y + 30, 4*k - k + 18 = -y. What is the units digit of v(k)?
3
Suppose -4*x - 5*j + 863 = 0, 5*x = -0*x - 2*j + 1100. What is the hundreds digit of x?
2
Suppose 0 = 2*d + 273 - 497. What is the units digit of d?
2
Let a = 6 - 4. Suppose -a*j + 2*k = -3*j + 6, j + 3*k = 5. What is the units digit of j?
8
Suppose -2*j + g = -39, 5*g = 4*j - 3 - 66. Let r = -13 + j. What is the units digit of r?
8
What is the units digit of 365*(-2 + 1/(1/3))?
5
Let s = 32 - -15. What is the tens digit of s?
4
Let k(r) = -r**2 - 8*r - 10. Let x be k(-7). Let o = x + 7. Suppose -c - 3 = -1, -5*f - o*c + 17 = 0. What is the units digit of f?
5
Let z = -184 - -296. What is the tens digit of z?
1
Let m = -69 - -150. Let l = m + -40. What is the units digit of l?
1
Let o = 44 + 148. What is the units digit of o?
2
Let a be (1*-1)/((-4)/196). Let n = -35 + a. What is the units digit of n?
4
Let i = -23 - -43. Suppose 4*d = 5*n + i, 2*n = n. What is the units digit of d?
5
What is the tens digit of -5*(-8)/(-12)*-3?
1
Let h = 277 + -131. What is the units digit of h?
6
Let k = 64 + 22. What is the tens digit of k?
8
Let u(a) = a**3 - 5*a**2 - 3*a - 5. Let r be u(5). What is the tens digit of 2/10 - 436/r?
2
Suppose 5*d = 2*c - 141, -75 = 5*c + d - 495. Let w = -50 + c. What is the units digit of w?
3
Suppose h + 7 = o + 154, 5*o - 273 = -2*h. What is the tens digit of h?
4
Suppose 13*v = 9*v + 912. What is the units digit of v?
8
Let v(t) be the third derivative of t**6/120 + t**4/24 + t**3/3 - t**2. What is the units digit of v(0)?
2
Let t = 4 - 4. Suppose -2*p = -t*p - 70. What is the tens digit of p?
3
Let b be 2/1 + (-2 - -5). Suppose -23 = p + 4*o - 2, 2*p + 3 = b*o. Let w = p - -18. What is the units digit of w?
9
Let m(z) = z**2 + 5*z - 11. Let o be m(-8). Suppose -2*h + 5*y = -0*h - 16, -5*y - o = -h. What is the units digit of 3 + h + 0 + -1?
5
Let l(y) = -y**3 + 8*y**2 + 10*y - 6. Let b be -1 + 10 - (-1 - -1). What is the units digit of l(b)?
3
Let v = -4 + 12. Suppose v = q + 3*q. Suppose -5*z + 12 = -q*z. What is the units digit of z?
4
Let a(f) = 2*f - 8. Let g(z) = 3*z - 8. Let d(w) = -4*a(w) + 3*g(w). Let p be d(-6). Suppose 0 = 3*s - p - 22. What is the units digit of s?
8
Suppose 0 = 3*f - 0*s + s + 29, -2*s = -2*f - 14. What is the tens digit of (-2)/f - (-1060)/90?
1
What is the units digit of -4*26/(-10)*(-10)/(-4)?
6
Suppose 191 = 4*n + 51. What is the units digit of n?
5
Suppose -4*n + c = 11, 4*c + 1 - 17 = 2*n. What is the tens digit of (0 - -2)/(n/(-29))?
2
Let x = 3 - -1. Suppose -2*s + 6*s + 3*p = 21, 5*p - 27 = -x*s. Suppose 3*f - 9 = 0, 5 = y + y - s*f. What is the units digit of y?
7
Suppose m - 2*m + 7 = 0. Let q = -5 + m. What is the units digit of q*(-1 - 6/(-4))?
1
Let q = -9 - -14. Suppose q*f - 11 = 9. What is the units digit of f?
4
Suppose q - 6*q - 67 = -o, 2*q - 235 = -3*o. What is the units digit of o?
7
Let v(t) = -t - 10. Let l be v(-7). Let y = l - -3. Suppose y = -3*u, 3*d - 5*d - u = -18. What is the units digit of d?
9
Let v = 178 - 124. Let a be (v/3 - 1) + -2. What is the units digit of (-1)/(1*(-3)/a)?
5
Suppose -17 = t - 5*m - 53, -3*t + 147 = -2*m. What is the tens digit of t?
5
Suppose -2*c - 2*c = -3*t + 27, 3*c + 4 = -t. Suppose t*d + 3*m - 5 = 0, d + 2*m = -3*d + 2. What is the units digit of 9/d*8/(-12)?
3
Let s(r) = 5*r + 10. Let w be s(-3). Let j(b) = -b + 10. Let u be j(0). Let k = u + w. What is the units digit of k?
5
Let f = 13 - 10. Let x = f - 2. What is the units digit of x?
1
Let j(f) be the third derivative of 1/30*f**5 + 1/3*f**3 - 2*f**2 + 0 + 0*f - 1/8*f**4. What is the tens digit of j(3)?
1
Suppose 0*g + 46 = 2*g - 2*s, 0 = -5*s + 20. What is the units digit of g?
7
Suppose x + 13 = 52. Let s = x - 23. What is the units digit of s?
6
Let z be (20/2)/((-4)/(-2)). Suppose -z*s = p - 36, -27 = -p - 0*p + 4*s. Suppose 3*o - 4*l = o - 8, 0 = o + 5*l - p. What is the units digit of o?
6
Suppose 0 = -4*y - 4*g + 8, 5*y - g + 5*g - 15 = 0. Let m(d) = -2*d**3 - 2*d**2 + 2*d - 1. Let j be m(1). Let z = j + y. What is the units digit of z?
4
Suppose -410 = -32*z + 27*z. What is the units digit of z?
2
Let r = 0 - -5. Suppose r*c + 1 = 51. Suppose 15 = 5*l - c. What is the units digit of l?
5
Let c(w) = -w**2 + 7*w - 3. Let a be c(4). What is the units digit of (2/(-6))/((-3)/a)?
1
Let k be (-4)/(-3 - -1) + -5. What is the units digit of 14 - ((-12)/k + -1)?
1
Let s be (-3 - 0)*4/(-6). Let i be (-105)/14 + 1/(-2). Let j = s - i. What is the tens digit of j?
1
Suppose -k - 14 + 2 = 0. Let b be ((-3)/(-2))/(k/(-40)). What is the units digit of (-46)/(-6)*(-2 + b)?
3
Let k(q) = -q**3 - 9*q**2 + 5*q - 4. Let p be k(-10). Suppose -5*d - 2 = a - 25, 2*a + 2*d - p = 0. What is the units digit of a?
3
Let c be (-5)/((-5)/(-2)) + 37. Suppose -2*n - 7 + c = 0. What is the tens digit of n?
1
Let a be (1 - 0)/((-1)/(-17)). Let c = 19 - a. What is the units digit of c?
2
Suppose -2*h - h = -114. Suppose -4*x = h - 102. Suppose -v + c = -8, v - 3*c - x = 2*c. What is the units digit of v?
6
Let x(w) = -w**2 + 19*w - 5. What is the tens digit of x(11)?
8
Suppose -17 = 5*g + 28. Let d(f) = -f**3 - 9*f**2 - f. What is the units digit of d(g)?
9
Suppose -4*i - 19 = -5*i. Suppose i = 3*u - 5*v, 4*u + 0 = 2*v + 30. What is the units digit of u?
8
Suppose -3*s + 0*q + 15 = 3*q, 3*q - 1 = 4*s. Let v be (1/(s/14))/(-1). Let x = 15 + v. What is the units digit of x?
8
Suppose -2 = 4*s - d, -2*d = 3*s + d + 9. What is the units digit of (s + 0)*-1 + 2?
3
Suppose 2 = 3*f - 4. Let g = f + 2. What is the units digit of g?
4
Let h = -98 + 143. Suppose -h = -3*s - 3. What is the units digit of s?
4
Let j = 4 + 24. What is the units digit of j?
8
Let j(b) be the first derivative of b**4/4 - b**3 - b**2 + b + 3. What is the units digit of j(4)?
9
Suppose 5*p - 114 = 46. What is the tens digit of p?
3
Suppose 0 = 2*t - 3*t + 84. What is the units digit of t?
4
Let w(t) be the second derivative of -t**3/6 - 7*t**2/2 - 3*t. What is the units digit of w(-12)?
5
Let c = 571 + -291. What is the tens digit of c?
8
Suppose -5*q + 0*q = 3*y + 6, 2*y - 21 = 5*q. Suppose 3*u - 7*u + 396 = 0. What is the units digit of 0 - (u/y)/(-3)?
1
What is the hundreds digit of 7/((-28)/36)*(1 + -15)?
1
Suppose -w + 0*w = -4*d + 42, 0 = 3*d - 4*w - 25. Let a = d + -8. Suppose a*s - 11 - 10 = 0. What is the units digit of s?
7
Suppose 0 = -r + 7 + 26. Suppose -2*q - q = -r. What is the units digit of q?
1
Let f(i) = 4*i + 55. What is the units digit of f(13)?
7
Suppose 5*f - 5*v = 10, 2*f - v = 2*v + 4. Suppose b + f*b - 57 = 0. What is the tens digit of b?
1
Let u(b) be the third derivative of b**5/12 + b**4/12 - b**3/6 + 2*b**2. Let n be u(1). What is the units digit of (-14)/(-4) + 3/n?
4
Suppose -o + 17 = -95. What is the units digit of o?
2
Suppose 2*v + v + 18 = 0. Let f be -4*(-1)/(12/(-9)). Let x = f - v. What is the units digit of x?
3
Let a(p) = -p**3 - 5*p**2 + 8*p + 1. Let u be a(-6). Let r = u - -15. Suppose 0 = -r*q + q + 15. What is the units digit of q?
5
Let a(d) = -d + 4. Let f be a(3). Let g = 5 + f. Let c = g + -5. What is the units digit of c?
1
Suppose 13*v - 10*v - 108 = 0. What is the units digit of v?
6
What is the tens digit of (-1524)/(-45) + (-12)/(-90)?
3
Suppose -4*p + 107 = -229. What is the tens digit of p?
8
Suppose 15*w - 3256 - 389 = 0. What is the hundreds digit of w?
2
Let i(y) = 4*y - 4. Let l(q) = q + 1. Let d(t) = i(t) - 2*l(t). What is the units digit of d(7)?
8
Suppose 0 = 3*c + z - 153, -2*c + 43 = 4*z - 69. What is the units digit of c?
0
Let w(a) = -a + 7*a - a + a**2 - 1. Let t be w(-5). What is the units digit of 3 + 2*(t + 0)?
1
Let p be -3 - (-2 - (-4)/4). What is the units digit of p - 4/4 - -29?
6
Suppose -2*d + x + 140 = -2*x, -176 = -3*d - 4*x. What is the 